{"id":947,"date":"2015-09-27T10:55:35","date_gmt":"2015-09-27T08:55:35","guid":{"rendered":"http:\/\/new.tec100.se\/?page_id=947"},"modified":"2016-08-30T14:12:24","modified_gmt":"2016-08-30T12:12:24","slug":"results-2015","status":"publish","type":"page","link":"https:\/\/new.tec100.se\/?page_id=947","title":{"rendered":"Resultat 2015"},"content":{"rendered":"<p>Hello all!<\/p>\n<p>Thank you for an AMAZING weekend!!! I\u2019m so happy that I got to see so many of you at the start and you all did very good and impressive running and what a start of the first 200 mile race with three incredible finishers:<\/p>\n<p><a id=\"js_1l\" class=\"profileLink\" href=\"https:\/\/www.facebook.com\/drunkcod\" data-hovercard=\"\/ajax\/hovercard\/user.php?id=715276041&amp;extragetparams=%7B%22directed_target_id%22%3A113927248790059%7D\">Torbj\u00f6rn Gyllebring<\/a> (40:50), <a class=\"profileLink\" href=\"https:\/\/www.facebook.com\/linda.bengtsson.3954\" data-hovercard=\"\/ajax\/hovercard\/user.php?id=730047342&amp;extragetparams=%7B%22directed_target_id%22%3A113927248790059%7D\">Linda Bengtsson<\/a> (49:13:) and <a class=\"profileLink\" href=\"https:\/\/www.facebook.com\/lowemark\" data-hovercard=\"\/ajax\/hovercard\/user.php?id=640917159&amp;extragetparams=%7B%22directed_target_id%22%3A113927248790059%7D\">Henrik Lowemark <\/a>(51:56)!<\/p>\n<p><a class=\"profileLink\" href=\"https:\/\/www.facebook.com\/max.sjalin\" data-hovercard=\"\/ajax\/hovercard\/user.php?id=1605614046&amp;extragetparams=%7B%22directed_target_id%22%3A113927248790059%7D\">Max Sj\u00e4lin<\/a> became the first finisher of 100 miles (14:07) and <a class=\"profileLink\" href=\"https:\/\/www.facebook.com\/lotta.thorn\" data-hovercard=\"\/ajax\/hovercard\/user.php?id=651068530&amp;extragetparams=%7B%22directed_target_id%22%3A113927248790059%7D\">Lotta Th\u00f6rn<\/a> did a fantastic last lap and finished first of the ladies (19:38)<\/p>\n<p><a class=\"profileLink\" href=\"https:\/\/www.facebook.com\/profile.php?id=100003805820746\" data-hovercard=\"\/ajax\/hovercard\/user.php?id=100003805820746&amp;extragetparams=%7B%22directed_target_id%22%3A113927248790059%7D\">Daniel Nilsson<\/a> did became the first winner of the weekend while winning the 50 miles (6:38) and <a class=\"profileLink\" href=\"https:\/\/www.facebook.com\/annsofie.ahman\" data-hovercard=\"\/ajax\/hovercard\/user.php?id=619026044&amp;extragetparams=%7B%22directed_target_id%22%3A113927248790059%7D\">Ann-Sofie \u00c5hman<\/a> finished as number 1 of the ladies (09:37)<\/p>\n<p>50 miles had three men at the start and <a id=\"js_1o\" class=\"profileLink\" href=\"https:\/\/www.facebook.com\/whateveriscoolwithme\" data-hovercard=\"\/ajax\/hovercard\/user.php?id=768209971&amp;extragetparams=%7B%22directed_target_id%22%3A113927248790059%7D\">Axel Stattin<\/a> won (10:09)<\/p>\n<p>HERE IS THE\u00a0 <a href=\"https:\/\/new.tec100.se\/wp-content\/uploads\/2015\/04\/Res-2015.xls\">RESULTS 2015<\/a> and <a href=\"https:\/\/new.tec100.se\/wp-content\/uploads\/2015\/04\/varv2015.xls\">LAPS 2015<\/a> (your sports club will be added shortly)<\/p>\n<p>If you put up videos or pictures on instagram\/twitter etc please use #TEC2015 and #TEC<\/p>\n<p>\/Race directors.<\/p>\n","protected":false},"excerpt":{"rendered":"<p>Hello all! Thank you for an AMAZING weekend!!! I\u2019m so happy that I got to see so many of you at the start and you all did very good and impressive running and what a start of the first 200&hellip; <\/p>\n","protected":false},"author":1,"featured_media":0,"parent":10,"menu_order":0,"comment_status":"closed","ping_status":"closed","template":"","meta":{"jetpack_post_was_ever_published":false},"jetpack_sharing_enabled":true,"jetpack_shortlink":"https:\/\/wp.me\/P6LPeb-fh","jetpack-related-posts":[{"id":159,"url":"https:\/\/new.tec100.se\/?page_id=159","url_meta":{"origin":947,"position":0},"title":"Startlista","author":"admin","date":"January 3, 2012","format":false,"excerpt":"Startlistan uppdateras h\u00e4r inf\u00f6r loppet!","rel":"","context":"Similar post","block_context":{"text":"Similar post","link":""},"img":{"alt_text":"","src":"","width":0,"height":0},"classes":[]},{"id":1357,"url":"https:\/\/new.tec100.se\/?page_id=1357","url_meta":{"origin":947,"position":1},"title":"Information","author":"admin","date":"March 30, 2017","format":false,"excerpt":"Event details and schedule When? 16-18th of April 2027! 200 miles: The start is at 10:00 AM on Friday and the finish closes 54 hours later, 16.00 on Sunday. TEC Backyard: The first start is at 06.00 PM on Friday and the finish is when there's only one runner left.\u2026","rel":"","context":"Similar post","block_context":{"text":"Similar post","link":""},"img":{"alt_text":"","src":"","width":0,"height":0},"classes":[]},{"id":1476,"url":"https:\/\/new.tec100.se\/?page_id=1476","url_meta":{"origin":947,"position":2},"title":"Backyard Ultra","author":"admin","date":"September 20, 2017","format":false,"excerpt":"Varvet \u00e4r 6707m. Start 18.00 p\u00e5 fredagen och d\u00e4refter varje hel timme. L\u00f6parna m\u00e5ste ta sig im\u00e5l inom den p\u00e5b\u00f6rjade timmen, om man inte hinner \u00e4r man ute ur t\u00e4vlingen. L\u00f6parna m\u00e5ste starta n\u00e4sta varv f\u00f6r att det tidigare varvet ska tillgodor\u00e4knas, man ska allts\u00e5 inte bryta innan n\u00e4sta start!\u2026","rel":"","context":"Similar post","block_context":{"text":"Similar post","link":""},"img":{"alt_text":"","src":"","width":0,"height":0},"classes":[]},{"id":8,"url":"https:\/\/new.tec100.se\/?page_id=8","url_meta":{"origin":947,"position":3},"title":"Information","author":"admin","date":"October 20, 2011","format":false,"excerpt":"T\u00e4by Extreme Challenge 2027 --> 16-18 april, anm\u00e4lan \u00f6ppnar i juni. Start 200 miles \u00e4r klockan 10:00 fredagen och m\u00e5let st\u00e4nger 54 timmar senare p\u00e5 s\u00f6ndagen (16.00). Start TEC Backyard \u00e4r klockan 18.00 fredagen, varje hel timme g\u00e5r ny start p\u00e5 banan som m\u00e4ter 6,7km och m\u00e5let st\u00e4nger 46 timmar\u2026","rel":"","context":"Similar post","block_context":{"text":"Similar post","link":""},"img":{"alt_text":"","src":"","width":0,"height":0},"classes":[]},{"id":400,"url":"https:\/\/new.tec100.se\/?page_id=400","url_meta":{"origin":947,"position":4},"title":"English","author":"admin","date":"February 18, 2013","format":false,"excerpt":"TEC is an ultra run with 5 different distances: 46km, 50 miles, 100 miles, 200 miles and a Backyard ultra. The track is on mostly gravel and some kilometers with single track in the forrest. You will be running in a unique forest, Tyresta Naturreservat. I would say the most\u2026","rel":"","context":"Similar post","block_context":{"text":"Similar post","link":""},"img":{"alt_text":"","src":"","width":0,"height":0},"classes":[]},{"id":1472,"url":"https:\/\/new.tec100.se\/?page_id=1472","url_meta":{"origin":947,"position":5},"title":"MiniUltra 46km, 50, 100 &#038; 200 miles","author":"admin","date":"September 20, 2017","format":false,"excerpt":"Banan \u00e4r 11,5km l\u00e5ng med start\/varvning\/m\u00e5l i Alby Friluftsg\u00e5rd i Tyres\u00f6. Orangea snitslar med reflexer p\u00e5 finns l\u00e4ngs hela banan, ca 20-70m mellan snitslarna beroende p\u00e5 terr\u00e4ng. De f\u00f6rsta 5km \u00e4r p\u00e5 en l\u00e4ttl\u00f6pt kuperad grusv\u00e4g som senare blir en bredare stig med h\u00e4rlig utsikt \u00f6ver Albysj\u00f6n, \u00f6ppna f\u00e4lt, t\u00e4t\u2026","rel":"","context":"Similar post","block_context":{"text":"Similar post","link":""},"img":{"alt_text":"","src":"","width":0,"height":0},"classes":[]}],"_links":{"self":[{"href":"https:\/\/new.tec100.se\/index.php?rest_route=\/wp\/v2\/pages\/947"}],"collection":[{"href":"https:\/\/new.tec100.se\/index.php?rest_route=\/wp\/v2\/pages"}],"about":[{"href":"https:\/\/new.tec100.se\/index.php?rest_route=\/wp\/v2\/types\/page"}],"author":[{"embeddable":true,"href":"https:\/\/new.tec100.se\/index.php?rest_route=\/wp\/v2\/users\/1"}],"replies":[{"embeddable":true,"href":"https:\/\/new.tec100.se\/index.php?rest_route=%2Fwp%2Fv2%2Fcomments&post=947"}],"version-history":[{"count":2,"href":"https:\/\/new.tec100.se\/index.php?rest_route=\/wp\/v2\/pages\/947\/revisions"}],"predecessor-version":[{"id":1244,"href":"https:\/\/new.tec100.se\/index.php?rest_route=\/wp\/v2\/pages\/947\/revisions\/1244"}],"up":[{"embeddable":true,"href":"https:\/\/new.tec100.se\/index.php?rest_route=\/wp\/v2\/pages\/10"}],"wp:attachment":[{"href":"https:\/\/new.tec100.se\/index.php?rest_route=%2Fwp%2Fv2%2Fmedia&parent=947"}],"curies":[{"name":"wp","href":"https:\/\/api.w.org\/{rel}","templated":true}]}}